+ 577. Give k(149).
-19
Let l(p) = -p**3 + 378*p**2 - 2333*p + 37590. Determine l(372).
18
Let p(b) = -2*b**3 + 357*b + 1806. Determine p(-5).
271
Let p(x) = x**3 - 783*x**2 + 7132*x - 128505. Determine p(774).
-21
Let u(n) = 658*n + 5898. What is u(-9)?
-24
Let f(c) = -c**2 - 589*c - 34057. What is f(-65)?
3
Let d(l) = -14*l**2 + 4423*l - 26724. Give d(6).
-690
Let z(c) = -8*c**2 - 673*c - 13027. Determine z(-54).
-13
Let h(b) = 12243*b + 183651. Calculate h(-15).
6
Let x(o) = -2*o**3 + 141*o**2 - 2042*o - 402. Determine x(50).
-2
Let n(z) = z**3 - 17*z**2 - 229*z + 3371. Determine n(22).
753
Let f(d) = -84*d**2 + 435*d + 4. Calculate f(6).
-410
Let h(d) = -2*d**2 + 2414*d + 41528. Determine h(-17).
-88
Let h(c) = 204035*c - 4692808. What is h(23)?
-3
Let l(y) = y**3 + 14*y**2 - 122*y + 523. Give l(-21).
-2
Let v(b) = -1337*b - 112074. Calculate v(-84).
234
Let b(r) = -r**2 + 1228*r + 9853. Calculate b(-8).
-35
Let p(i) = 724*i**2 - 3096*i + 788. Give p(4).
-12
Let a(i) = 25*i - 2075. Determine a(89).
150
Let b(l) = -l**2 + 100980*l + 1615926. Give b(-16).
-10
Let d(g) = -5140*g + 41200. Determine d(8).
80
Let p(d) = d**3 - 26*d**2 + 160*d + 153. What is p(16)?
153
Let x(r) = -780*r + 8666. What is x(9)?
1646
Let b(n) = 130480*n - 1174320. What is b(9)?
0
Let d(q) = -13543*q + 175082. Calculate d(13).
-977
Let z(g) = 5346*g + 2400338. Calculate z(-449).
-16
Let t(a) = 2*a**3 + 64*a**2 - 908*a - 27730. Give t(-33).
56
Let w(t) = -78483*t**2 - 8868578*t + 114. Give w(-113).
1
Let w(u) = -u**3 - 10*u**2 + 2514*u + 7600. Determine w(-3).
-5
Let u(q) = 6405*q + 128273. What is u(-20)?
173
Let p(u) = u**2 + 71271*u - 2709741. What is p(38)?
1
Let v(c) = 13714*c - 4429625. What is v(323)?
-3
Let w(i) = 2*i**3 + 10*i**2 + 69*i - 164. What is w(0)?
-164
Let l(y) = y**3 + 7*y**2 + 2*y - 84. Calculate l(8).
892
Let g(q) = 39763*q - 437452. Determine g(11).
-59
Let f(o) = -3*o**3 + 57*o**2 - 833*o + 25498. Give f(23).
-9
Let r(i) = 1995*i**2 - 6413*i - 6414. What is r(-1)?
1994
Let w(h) = 11*h**2 + 1790*h + 63193. Determine w(-111).
34
Let x(l) = -l**3 - 36*l**2 - 44*l - 712. Determine x(-35).
-397
Let b(a) = -4*a**2 - 12900*a + 116401. What is b(9)?
-23
Let s(n) = -3759*n**2 + 300717*n + 222. What is s(80)?
-18
Let t(h) = 217*h - 1893. What is t(9)?
60
Let g(h) = -2*h**2 - 41*h - 188. What is g(-7)?
1
Let z(q) = -35*q**2 + 258*q - 16. Determine z(7).
75
Let s(u) = 63*u**2 - 864*u + 2681. Calculate s(9).
8
Let i(h) = h**3 + 221*h**2 + 8043*h - 33. Give i(-46).
289
Let j(d) = -13*d**2 - 2274*d - 2114. Calculate j(-174).
-26
Let f(x) = -x**3 - 53*x**2 - 390*x + 9038. Calculate f(-33).
128
Let q(l) = -57*l**2 + 841*l - 37. Give q(15).
-247
Let m(z) = -93*z**2 + 51977*z + 5593. Calculate m(559).
3
Let a(c) = 3*c**2 + 180*c + 1092. Calculate a(-51).
-285
Let k(i) = 6*i**3 - 147*i**2 + 228*i - 490. Give k(23).
-7
Let t(s) = -41*s**2 - 2807*s + 4468. Give t(-70).
58
Let m(v) = v**3 + 632*v**2 + 10585*v + 2210. Calculate m(-17).
0
Let b(j) = 114566*j - 687402. Give b(6).
-6
Let g(x) = x**3 - 20*x**2 + 26*x + 99. Give g(21).
1086
Let q(n) = 33*n**2 - 4370*n + 1724. Give q(132).
-124
Let k(u) = -u**3 + 585*u**2 - 72003*u + 3343. Give k(176).
-1
Let a(n) = -n**2 + 34906*n - 9420450. Calculate a(272).
-2
Let r(g) = 5*g**2 + 545*g + 7429. Give r(-93).
-11
Let w(l) = -18778*l - 2253349. What is w(-120)?
11
Let k(d) = 244*d - 7499. What is k(33)?
553
Let z(n) = -249*n**2 + 3*n - 758. What is z(0)?
-758
Let s(o) = -5*o**3 + 14*o**2 + 2993*o - 14939. Calculate s(5).
-249
Let t(p) = -12356*p + 210039. Give t(17).
-13
Let t(w) = -13463*w + 605898. What is t(45)?
63
Let l(h) = -6168*h + 185017. What is l(30)?
-23
Let v(s) = 2*s**2 - 742*s + 17877. Determine v(26).
-63
Let h(i) = -215*i**2 + 36761*i + 704. What is h(171)?
20
Let k(g) = -6*g**3 - 114*g**2 - 191*g + 221. Calculate k(-17).
0
Let n(m) = -31*m**2 - 11549*m + 28489. What is n(-375)?
-11
Let m(w) = w**2 - 186032*w - 2046446. Calculate m(-11).
27
Let x(o) = 157*o - 4838. What is x(32)?
186
Let q(p) = -92*p - 33937. Calculate q(-369).
11
Let n(k) = -380*k - 156524. Calculate n(-412).
36
Let z(k) = 8*k**2 - 6430*k + 111610. Give z(786).
-2
Let z(w) = -w**3 + 43*w**2 - 272*w + 748. What is z(36)?
28
Let g(d) = -815*d - 19656. Give g(-24).
-96
Let d(f) = -238911*f - 1911285. Determine d(-8).
3
Let v(n) = n**3 - 77*n**2 + 1486*n - 173. Give v(38).
-21
Let d(l) = 10497*l - 1417101. Calculate d(135).
-6
Let f(v) = 19486*v - 175318. Determine f(9).
56
Let t(o) = 68423*o + 478961. Determine t(-7).
0
Let x(f) = -126*f - 24814. Give x(-181).
-2008
Let t(u) = u**3 - 14*u**2 - 257*u + 3290. What is t(12)?
-82
Let j(r) = r**3 - 130*r**2 + 604*r - 13639. What is j(126)?
-1039
Let k(c) = 645*c**2 + 535*c - 537. What is k(1)?
643
Let q(j) = -2*j**3 - 8*j**2 + 200*j + 180. Give q(-11).
-326
Let r(i) = 4*i**3 - 2905*i**2 + 3555*i + 50751. Determine r(725).
1
Let d(s) = 248*s - 176. Determine d(-7).
-1912
Let v(y) = -3*y**2 - 1794*y + 317877. Determine v(143).
-12
Let t(x) = -407*x + 26173. Determine t(79).
-5980
Let k(c) = -2*c**3 - 10*c**2 + 2055*c + 1341. What is k(30)?
-9
Let z(d) = -22977*d**2 + 8*d. Calculate z(0).
0
Let b(x) = -45614*x + 4835115. Give b(106).
31
Let w(v) = -31*v**2 + 8552*v + 1067. Determine w(276).
-37
Let m(b) = -1418*b**2 - 21164*b + 1602. Calculate m(-15).
12
Let g(j) = -77*j**2 + 50512*j - 50440. Determine g(655).
-5
Let m(g) = 2*g**3 - 18*g**2 - 51*g - 20. Determine m(13).
669
Let y(r) = 5517*r + 507594. Calculate y(-92).
30
Let a(c) = 2*c**2 - 1936*c + 311704. Calculate a(764).
-8
Let v(a) = 55*a**2 + 54*a + 60. Give v(-1).
61
Let r(s) = 2*s**2 + 711*s + 41487. Give r(-73).
242
Let l(t) = -138164*t + 3315869. Give l(24).
-67
Let x(r) = 2*r**2 + 91*r - 553. What is x(-51)?
8
Let v(t) = 4*t**2 - 468*t + 13653. Determine v(59).
-35
Let t(f) = -88*f - 1814. Determine t(-20).
-54
Let f(m) = -m**2 - 166*m - 6729. Determine f(-95).
16
Let x(p) = -9337*p + 9620. Calculate x(1).
283
Let l(j) = -10105*j + 3870208. Give l(383).
-7
Let l(v) = -705*v + 13817. Determine l(18).
1127
Let u(z) = -65999*z + 2177977. Determine u(33).
10
Let z(v) = v**2 - 4724*v - 56863. Determine z(-12).
-31
Let a(y) = y**2 - 459*y - 470782. What is a(-494)?
0
Let i(m) = 255*m - 754. Calculate i(4).
266
Let x(w) = w**2 + 2159*w + 278906. Give x(-138).
8
Let y(d) = -191*d - 45793. Give y(-244).
811
Let n(q) = 5*q**2 + 4*q + 328. Calculate n(12).
1096
Let y(l) = 2*l**2 - 276043*l - 552095. Give y(-2).
-1
Let v(o) = o**2 + 1194222*o - 7165370. Give v(6).
-2
Let h(j) = -j**2 - 131*j + 4298. Calculate h(-170).
-2332
Let q(b) = 3077*b + 283088. Calculate q(-92).
4
Let q(k) = 5796*k + 11311. What is q(-2)?
-281
Let s(c) = 425*c - 29512. Calculate s(70).
238
Let j(a) = -a**2 + 174*a - 7081. Calculate j(57).
-412
Let u(j) = -j**3 + 152*j**2 + 1122*j - 125407. What is u(154)?
-51
Let f(d) = -361*d + 1059. Give f(7).
-1468
Let x(t) = -86917*t + 86927. Give x(1).
10
Let l(m) = -2*m**3 + 76*m**2 + 11*m - 392. Give l(38).
26
Let h(w) = 2*w**3 + 139*w**2 + 193*w - 140. Calculate h(-68).
608
Let p(m) = m**3 + 38*m**2 - 1143*m + 5720. What is p(-59)?
56
Let g(d) = -d**3 - 5*d**2 + 11791*d - 35399. Determine g(3).
-98
Let t(d) = 830*d - 3059. What is t(6)?
1921
Let o(w) = w**3 + 62*w**2 + 1686*w + 20011. Calculate o(-27).
4
Let l(w) = w**3 - 53*w**2 + w + 156. Calculate l(53).
209
Let u(z) = -2*z**3 - 619*z**2 - 6867*z - 3979. Give u(-298).
-105
Let v(o) = 5*o**3 + 17*o**2 + 358*o + 2579. What is v(-7)?
-809
Let b(w) = -w**3 + 114*w**2 - 225*w + 5. Give b(2).
3
Let s(m) = -637*m + 57954. What is s(91)?
-13
Let p(h) = h**3 - 36*h**2 + 123*h + 170. What is p(30)?
-1540
Let w(r) = -5890*r + 954275. Give w(162).
95
Let f(c) = -200*c - 16919. Calculate f(-87).
481
Let x(g) = 2138*g - 106942. Determine x(50).
-42
Let u(c) = 108844*c + 1523826. Determine u(-14).
10
Let j(g) = -3*g**2 + 162*g - 199. Give j(52).
113
Let l(w) = w**3 + 146*w**2 - 2757*w + 1159. What is l(-163)?
-1123
Let s(b) = -1861*b - 85651. What is s(-46)?
-45
Let f(q) = 6*q**3 + 155*q - 457. What is f(3)?
170
Let x(k) = k**3 - 8*k**2 + 31183*k - 280718. Give x(9).
10
Let o(c) = -6515*c + 175759. Give o(27).
-146
Let j(s) = -s**2 + 198*s - 8376. Determine j(66).
336
Let v(x) = -22017*x - 4393.